{"id":1285,"date":"2019-01-17T23:13:42","date_gmt":"2019-01-17T20:13:42","guid":{"rendered":"http:\/\/totalteknik.com\/?page_id=1285"},"modified":"2019-01-18T12:32:17","modified_gmt":"2019-01-18T09:32:17","slug":"sihhi-tesisat","status":"publish","type":"page","link":"http:\/\/totalteknik.com\/index.php\/sihhi-tesisat\/","title":{"rendered":"S\u0131hhi Tesisat"},"content":{"rendered":"<p>[vc_row][vc_column][vc_custom_heading text=&#8221;S\u0131hhi Tesisat &#8211; Yang\u0131n S\u00f6nd\u00fcrme Sistemleri&#8221; font_container=&#8221;tag:h2|text_align:left|color:%23dd3333&#8243; google_fonts=&#8221;font_family:Basic%3Aregular|font_style:400%20regular%3A400%3Anormal&#8221;][vc_row_inner][vc_column_inner width=&#8221;1\/2&#8243;][vc_single_image image=&#8221;1294&#8243; img_size=&#8221;large&#8221; style=&#8221;vc_box_circle&#8221;][\/vc_column_inner][vc_column_inner width=&#8221;1\/2&#8243;][vc_custom_heading text=&#8221;Yap\u0131larda her t\u00fcrl\u00fc mekanik uygulaman\u0131n konvansiyonel y\u00f6ntemlerle projelendirilmesi ve uygulanmas\u0131 Total&#8217;in verdi\u011fi hizmetler aras\u0131ndad\u0131r. Her ne kadar bu tip uygulamalar art\u0131k standartla\u015fm\u0131\u015f hizmetler olarak de\u011ferlendirilse bile \u00f6zellikle y\u00fcksek kaliteyi d\u00fc\u015f\u00fck maliyetlerle ve kal\u0131c\u0131 bi\u00e7imde sa\u011flayabilmek i\u00e7in m\u00fchendislik yakla\u015f\u0131m\u0131 \u00e7ok kritiktir.<\/p>\n<p>Total&#8217;\u0131n yakla\u015f\u0131m\u0131 mekanik tesisatlarda en ince detaylar\u0131n bile maliyet-kalite s\u00fczgecinden ge\u00e7irilmesini \u00f6ng\u00f6r\u00fcr.<\/p>\n<p>Yang\u0131n tesisat\u0131 konusunda T\u00fcrkiye&#8217;deki uygulamalar ancak son zamanlarda bilimsel bi\u00e7imde ele al\u0131nmaya ba\u015flanm\u0131\u015ft\u0131r. \u00d6zellikle depremlerde en kritik hasar sprinkler sistemi \u00fczerinde olmaktad\u0131r. Yang\u0131n tesisat\u0131 tasar\u0131m\u0131nda sismik elemanlar kullan\u0131larak sistemin deprem an\u0131nda da aktif olmas\u0131n\u0131 sa\u011flamak gerekmektedir.<\/p>\n<p>Total gerek sismik etkiye dayanabilen sistemlerde gerekse bu \u015fart\u0131n gerekmedi\u011fi standart uygulamalarda yang\u0131ndan korunma mevzuat\u0131n\u0131n ve kullanc\u0131lar\u0131n \u00f6zel isteklerinin en titiz bi\u00e7imde projelendirilmesi ve uygulanmas\u0131 i\u015flerinde deneyim kazanm\u0131\u015ft\u0131r.&#8221; font_container=&#8221;tag:h4|text_align:left|color:%23000000&#8243; google_fonts=&#8221;font_family:Basic%3Aregular|font_style:400%20regular%3A400%3Anormal&#8221;][\/vc_column_inner][\/vc_row_inner][\/vc_column][\/vc_row]<\/p>\n","protected":false},"excerpt":{"rendered":"<p>[vc_row][vc_column][vc_custom_heading text=&#8221;S\u0131hhi Tesisat &#8211; Yang\u0131n S\u00f6nd\u00fcrme Sistemleri&#8221; font_container=&#8221;tag:h2|text_align:left|color:%23dd3333&#8243; google_fonts=&#8221;font_family:Basic%3Aregular|font_style:400%20regular%3A400%3Anormal&#8221;][vc_row_inner][vc_column_inner width=&#8221;1\/2&#8243;][vc_single_image image=&#8221;1294&#8243; img_size=&#8221;large&#8221; style=&#8221;vc_box_circle&#8221;][\/vc_column_inner][vc_column_inner width=&#8221;1\/2&#8243;][vc_custom_heading text=&#8221;Yap\u0131larda her t\u00fcrl\u00fc mekanik uygulaman\u0131n konvansiyonel y\u00f6ntemlerle projelendirilmesi ve uygulanmas\u0131 Total&#8217;in verdi\u011fi hizmetler aras\u0131ndad\u0131r. Her ne kadar bu tip uygulamalar art\u0131k standartla\u015fm\u0131\u015f hizmetler olarak de\u011ferlendirilse bile \u00f6zellikle y\u00fcksek kaliteyi d\u00fc\u015f\u00fck maliyetlerle ve kal\u0131c\u0131 bi\u00e7imde sa\u011flayabilmek i\u00e7in m\u00fchendislik yakla\u015f\u0131m\u0131 \u00e7ok kritiktir. Total&#8217;\u0131n [&hellip;]<\/p>\n","protected":false},"author":1,"featured_media":0,"parent":0,"menu_order":0,"comment_status":"closed","ping_status":"closed","template":"page-templates\/template-fullwidth.php","meta":{"footnotes":""},"class_list":["post-1285","page","type-page","status-publish","hentry"],"_links":{"self":[{"href":"http:\/\/totalteknik.com\/index.php\/wp-json\/wp\/v2\/pages\/1285","targetHints":{"allow":["GET"]}}],"collection":[{"href":"http:\/\/totalteknik.com\/index.php\/wp-json\/wp\/v2\/pages"}],"about":[{"href":"http:\/\/totalteknik.com\/index.php\/wp-json\/wp\/v2\/types\/page"}],"author":[{"embeddable":true,"href":"http:\/\/totalteknik.com\/index.php\/wp-json\/wp\/v2\/users\/1"}],"replies":[{"embeddable":true,"href":"http:\/\/totalteknik.com\/index.php\/wp-json\/wp\/v2\/comments?post=1285"}],"version-history":[{"count":0,"href":"http:\/\/totalteknik.com\/index.php\/wp-json\/wp\/v2\/pages\/1285\/revisions"}],"wp:attachment":[{"href":"http:\/\/totalteknik.com\/index.php\/wp-json\/wp\/v2\/media?parent=1285"}],"curies":[{"name":"wp","href":"https:\/\/api.w.org\/{rel}","templated":true}]}}